{"id":89,"date":"2024-01-09T15:11:32","date_gmt":"2024-01-09T15:11:32","guid":{"rendered":"https:\/\/pera.si\/?page_id=89"},"modified":"2024-11-10T17:15:42","modified_gmt":"2024-11-10T17:15:42","slug":"kontakt","status":"publish","type":"page","link":"https:\/\/pera.si\/index.php\/kontakt\/","title":{"rendered":"Kontakt"},"content":{"rendered":"\n<div class=\"wp-block-group alignwide has-global-padding is-layout-constrained wp-container-core-group-is-layout-db9edeb8 wp-block-group-is-layout-constrained\">\n<h2 class=\"wp-block-heading alignwide has-text-align-left\" style=\"margin-top:var(--wp--preset--spacing--30);margin-right:var(--wp--preset--spacing--30);margin-bottom:var(--wp--preset--spacing--30);margin-left:var(--wp--preset--spacing--30)\">Kontakt<\/h2>\n\n\n\n<p>Za ve\u010d informacij me lahko pokli\u010dete <strong>od ponedeljka do petka<\/strong> med <strong>10<\/strong>. in <strong>18. uro<\/strong>, mi po\u0161ljete kratko sporo\u010dilo (SMS) ali napi\u0161ete e-po\u0161tno sporo\u010dilo.<\/p>\n<\/div>\n\n\n\n<div class=\"wp-block-group alignwide has-global-padding is-layout-constrained wp-block-group-is-layout-constrained\">\n<div class=\"wp-block-columns alignwide is-layout-flex wp-container-core-columns-is-layout-864e4de2 wp-block-columns-is-layout-flex\" style=\"margin-top:var(--wp--preset--spacing--30);margin-bottom:var(--wp--preset--spacing--30);padding-top:0;padding-right:0;padding-bottom:0;padding-left:0\">\n<div class=\"wp-block-column is-layout-flow wp-container-core-column-is-layout-b9c8d0b7 wp-block-column-is-layout-flow\" style=\"padding-top:var(--wp--preset--spacing--30);padding-right:var(--wp--preset--spacing--30);padding-bottom:var(--wp--preset--spacing--30);padding-left:var(--wp--preset--spacing--30)\">\n<figure class=\"wp-block-image aligncenter size-full has-custom-border\"><img loading=\"lazy\" decoding=\"async\" width=\"42\" height=\"42\" src=\"http:\/\/pera.si\/wp-content\/uploads\/2024\/01\/icon-05.png\" alt=\"\" class=\"wp-image-15\" style=\"border-style:none;border-width:0px\"\/><\/figure>\n\n\n\n<div style=\"height:10px\" aria-hidden=\"true\" class=\"wp-block-spacer\"><\/div>\n\n\n\n<p class=\"has-text-align-center\"><strong>Telefonska \u0161tevilka<\/strong><\/p>\n\n\n\n<p class=\"has-text-align-center\"><a href=\"tel:040492282\" data-type=\"tel\" data-id=\"tel:040492282\">040 492 282<\/a><\/p>\n<\/div>\n\n\n\n<div class=\"wp-block-column is-layout-flow wp-block-column-is-layout-flow\" style=\"padding-top:var(--wp--preset--spacing--30);padding-right:var(--wp--preset--spacing--30);padding-bottom:var(--wp--preset--spacing--30);padding-left:var(--wp--preset--spacing--30)\">\n<figure class=\"wp-block-image aligncenter size-full\"><img loading=\"lazy\" decoding=\"async\" width=\"42\" height=\"42\" src=\"http:\/\/pera.si\/wp-content\/uploads\/2024\/01\/icon-06.png\" alt=\"\" class=\"wp-image-16\"\/><\/figure>\n\n\n\n<div style=\"height:10px\" aria-hidden=\"true\" class=\"wp-block-spacer\"><\/div>\n\n\n\n<p class=\"has-text-align-center\"><strong>E-po\u0161ta<\/strong><\/p>\n\n\n\n<p class=\"has-text-align-center\"><a href=\"mailto:info@pera.si\">info@pera.si<\/a><\/p>\n<\/div>\n\n\n\n<div class=\"wp-block-column is-layout-flow wp-block-column-is-layout-flow\" style=\"padding-top:var(--wp--preset--spacing--30);padding-right:var(--wp--preset--spacing--30);padding-bottom:var(--wp--preset--spacing--30);padding-left:var(--wp--preset--spacing--30)\">\n<figure class=\"wp-block-image aligncenter size-full\"><img loading=\"lazy\" decoding=\"async\" width=\"42\" height=\"42\" src=\"http:\/\/pera.si\/wp-content\/uploads\/2024\/01\/icon-04.png\" alt=\"\" class=\"wp-image-14\"\/><\/figure>\n\n\n\n<div style=\"height:10px\" aria-hidden=\"true\" class=\"wp-block-spacer\"><\/div>\n\n\n\n<p class=\"has-text-align-center\"><strong>Lokacija<\/strong><\/p>\n\n\n\n<p class=\"has-text-align-center\"><a href=\"https:\/\/www.google.com\/maps\/place\/Dunajska+c.+106,+1000+Ljubljana\/@46.0744075,14.5094707,17z\/data=!3m1!4b1!4m6!3m5!1s0x476532eafbbafee5:0xb1c329ce59e789c2!8m2!3d46.0744038!4d14.5120456!16s%2Fg%2F11c2g6cc3n?entry=ttu&amp;g_ep=EgoyMDI0MTEwNi4wIKXMDSoASAFQAw%3D%3D\">Dunajska cesta 106, Ljubljana<\/a><\/p>\n<\/div>\n<\/div>\n<\/div>\n\n\n\n<div class=\"wp-block-group has-global-padding is-layout-constrained wp-container-core-group-is-layout-12243e0f wp-block-group-is-layout-constrained\">\n<iframe src=\"https:\/\/www.google.com\/maps\/embed?pb=!1m18!1m12!1m3!1d2767.8311692036386!2d14.509470675795153!3d46.07440749251902!2m3!1f0!2f0!3f0!3m2!1i1024!2i768!4f13.1!3m3!1m2!1s0x476532eafbbafee5%3A0xb1c329ce59e789c2!2sDunajska%20c.%20106%2C%201000%20Ljubljana!5e0!3m2!1ssl!2ssi!4v1731258599891!5m2!1ssl!2ssi\" width=\"600\" height=\"450\" style=\"border:0;\" allowfullscreen=\"\" loading=\"lazy\" referrerpolicy=\"no-referrer-when-downgrade\"><\/iframe>\n<\/div>\n\n\n\n<h2 class=\"wp-block-heading\"><\/h2>\n","protected":false},"excerpt":{"rendered":"<p>Kontakt Za ve\u010d informacij me lahko pokli\u010dete od ponedeljka do petka med 10. in 18. uro, mi po\u0161ljete kratko sporo\u010dilo (SMS) ali napi\u0161ete e-po\u0161tno sporo\u010dilo. Telefonska \u0161tevilka 040 492 282 E-po\u0161ta info@pera.si Lokacija Dunajska cesta 106, Ljubljana<\/p>\n","protected":false},"author":1,"featured_media":11,"parent":0,"menu_order":0,"comment_status":"closed","ping_status":"closed","template":"page-no-title","meta":{"footnotes":""},"class_list":["post-89","page","type-page","status-publish","has-post-thumbnail","hentry"],"_links":{"self":[{"href":"https:\/\/pera.si\/index.php\/wp-json\/wp\/v2\/pages\/89","targetHints":{"allow":["GET"]}}],"collection":[{"href":"https:\/\/pera.si\/index.php\/wp-json\/wp\/v2\/pages"}],"about":[{"href":"https:\/\/pera.si\/index.php\/wp-json\/wp\/v2\/types\/page"}],"author":[{"embeddable":true,"href":"https:\/\/pera.si\/index.php\/wp-json\/wp\/v2\/users\/1"}],"replies":[{"embeddable":true,"href":"https:\/\/pera.si\/index.php\/wp-json\/wp\/v2\/comments?post=89"}],"version-history":[{"count":46,"href":"https:\/\/pera.si\/index.php\/wp-json\/wp\/v2\/pages\/89\/revisions"}],"predecessor-version":[{"id":348,"href":"https:\/\/pera.si\/index.php\/wp-json\/wp\/v2\/pages\/89\/revisions\/348"}],"wp:featuredmedia":[{"embeddable":true,"href":"https:\/\/pera.si\/index.php\/wp-json\/wp\/v2\/media\/11"}],"wp:attachment":[{"href":"https:\/\/pera.si\/index.php\/wp-json\/wp\/v2\/media?parent=89"}],"curies":[{"name":"wp","href":"https:\/\/api.w.org\/{rel}","templated":true}]}}